{"id":1343,"date":"2023-01-20T09:11:08","date_gmt":"2023-01-20T08:11:08","guid":{"rendered":"https:\/\/www.sanstransition.org\/?page_id=1343"},"modified":"2026-03-13T15:38:55","modified_gmt":"2026-03-13T14:38:55","slug":"outils-danimation","status":"publish","type":"page","link":"https:\/\/www.sanstransition.org\/index.php\/education-populaire-2\/outils-danimation\/","title":{"rendered":"Outils et m\u00e9thodes"},"content":{"rendered":"\n<p>J&rsquo;adore les outils pour animer des groupes. J&rsquo;ai particip\u00e9 \u00e0 de nombreux stages pour en acqu\u00e9rir des nouveaux, j&rsquo;adore animer des stages visant \u00e0 transmettre des outils. Faciliter le travail d&rsquo;un groupe, qui g\u00e9n\u00e9ralement cherche \u00e0 faire avancer des causes qui me semble juste, me procure beaucoup de satisfaction.<\/p>\n\n\n\n<p>Avec l&rsquo;exp\u00e9rience, je per\u00e7ois maintenant la m\u00e9canique derri\u00e8re tous ces outils. Et la magie n&rsquo;op\u00e8re plus. Un auteur a beaucoup compt\u00e9 dans mon parcours, car il apporte une r\u00e9flexion tr\u00e8s \u00e0 propos sur le rapport aux outils&nbsp;: Ivan Illitch. Voici une citation&nbsp;:<\/p>\n\n\n\n<p>\u00ab&nbsp;L\u2019homme a besoin d\u2019un outil avec lequel travailler, non d\u2019un outillage qui travaille \u00e0 sa place. Or il est manifeste aujourd\u2019hui que c\u2019est l\u2019outil qui de l\u2019homme fait son esclave. L\u2019outil simple, pauvre, transparent est un humble serviteur&nbsp;; l\u2019outil \u00e9labor\u00e9, complexe, secret est un ma\u00eetre arrogant.<\/p>\n\n\n\n<p>L\u2019outil reste convivial dans la mesure o\u00f9 chacun peut l\u2019utiliser, sans difficult\u00e9, aussi souvent qu\u2019il le d\u00e9sire. Personne n\u2019a besoin d\u2019un dipl\u00f4me pour avoir le droit de s\u2019en servir. Conviviale est la soci\u00e9t\u00e9 o\u00f9 l\u2019homme contr\u00f4le l\u2019outil.&nbsp;\u00bb<\/p>\n\n\n\n<p>Cette citation m&rsquo;a beaucoup marqu\u00e9e.<\/p>\n\n\n\n<p>J&rsquo;ai r\u00e9dig\u00e9 la section \u00ab&nbsp;outils&nbsp;\u00bb du site internet de la Scop Le Pav\u00e9 et de la revue No 2 des Cahiers du Pav\u00e9, pr\u00e9sentant des outils que nous utilisions. J&rsquo;ai longtemps h\u00e9sit\u00e9, craignant que ces recettes ne remplacent le travail n\u00e9cessaire de s\u00e9lection et d&rsquo;adaptation des outils \u00e0 utiliser en fonction du contexte.<\/p>\n\n\n\n<p>Mais, pour ma part, j&rsquo;ai appris en r\u00e9p\u00e9tant des recettes apprises ici ou l\u00e0, avant d&rsquo;acqu\u00e9rir la capacit\u00e9 \u00e0 les adapter, \u00e0 les transformer, \u00e0 en inventer, en fonction des besoins que j&rsquo;avais. Dans ces \u00e9crits, il manquait quelque chose&nbsp;: l&rsquo;explicitation de ce qui constituent ces outils, pour les prendre pour ce qu&rsquo;ils sont, et non pas des formules magiques.<\/p>\n\n\n\n<h3 class=\"wp-block-heading\">Qu&rsquo;est-ce qu&rsquo;un outil d&rsquo;\u00e9ducation populaire&nbsp;?<\/h3>\n\n\n\n<p>Sans doute parce que ce n&rsquo;\u00e9tait pas encore tr\u00e8s clair pour moi \u00e0 l&rsquo;\u00e9poque. Vu d&rsquo;aujourd&rsquo;hui, j&rsquo;en dirais ceci&nbsp;:<\/p>\n\n\n\n<p>Un outil d&rsquo;\u00e9ducation populaire est un ensemble organis\u00e9 de contraintes propos\u00e9es \u00e0 un groupe pour faciliter un travail d&rsquo;\u00e9laboration collective qu&rsquo;il s&rsquo;est lui-m\u00eame fix\u00e9. Ces contraintes visent \u00e0 \u00e9galiser la place de chacun dans cette production collective, et donc \u00e0 permettre au groupe et aux individus qui le composent de vivre des espaces-temps \u00e9mancip\u00e9s des rapports de domination qui s&rsquo;exerceraient sinon sur lui.<\/p>\n\n\n\n<p>Les contraintes propos\u00e9es par ces outils portent souvent sur les m\u00eames registres&nbsp;:<\/p>\n\n\n\n<ul class=\"wp-block-list\">\n<li>le nombre de personnes<\/li>\n\n\n\n<li>le temps<\/li>\n\n\n\n<li>le type de paroles<\/li>\n\n\n\n<li>le type de restitution<\/li>\n\n\n\n<li>la r\u00e8gle d&rsquo;acc\u00e8s \u00e0 la parole<\/li>\n<\/ul>\n\n\n\n<h3 class=\"wp-block-heading\">La formule secr\u00e8te des outils de l&rsquo;\u00e9ducation populaire<\/h3>\n\n\n\n<p>Pour d\u00e9mystifier ces outils, voici la formule secr\u00e8te pour en \u00e9laborer de nouveaux&nbsp;:<\/p>\n\n\n\n<p>Prenez 5 d\u00e9s \u00e0 6 faces et pr\u00e9parer de petits autocollants de la taille de la face d&rsquo;un d\u00e9.<\/p>\n\n\n\n<p>Chaque d\u00e9 sera associ\u00e9 \u00e0 un registre de contraintes et chaque face de ce d\u00e9 proposera une r\u00e8gle pour g\u00e9rer ce registre. Vous aurez ainsi, pour chaque registre de contraintes, 6 possibilit\u00e9s diff\u00e9rentes.<\/p>\n\n\n\n<p>Voici une proposition de d\u00e9part pour les faces de chacun de ces d\u00e9s&nbsp;:<\/p>\n\n\n\n<ul class=\"wp-block-list\">\n<li><strong>D\u00e9 \u00ab&nbsp;Nombre de personnes&nbsp;\u00bb<\/strong>&nbsp;: <br>1 -2 -3\/4 \u2013 5\/6 \u2013 \u00bd groupe ou 1\/3 de groupe \u2013 pl\u00e9ni\u00e8re<\/li>\n\n\n\n<li><strong>D\u00e9 \u00ab&nbsp;temps&nbsp;\u00bb&nbsp;: <\/strong><br>5mn \u2013 10mn \u2013 30mn \u2013 1h \u2013 le premier qui a fini \u2013 tout votre temps<\/li>\n\n\n\n<li><strong>D\u00e9 \u00ab&nbsp;type de paroles&nbsp;\u00bb&nbsp;:<\/strong> <br>Arguments \u2013 Anecdotes \u2013 T\u00e9moignages \u2013 Avis \u2013 Ressentis \u2013 Libre<\/li>\n\n\n\n<li><strong>D\u00e9 \u00ab&nbsp;type de restitution&nbsp;\u00bb&nbsp;: <\/strong><br>Rapporteur \u2013 Paper-board \u2013 Aucune \u2013 Dessin \u2013 sc\u00e9nette \u2013 Image<\/li>\n\n\n\n<li><strong>D\u00e9 \u00ab&nbsp;prise de parole&nbsp;\u00bb&nbsp;: <\/strong><br>lever le doigt, tour de table, aucune, tickets de parole, un homme \/ une femme, selon un crit\u00e8re fix\u00e9 \u00e0 l&rsquo;avance&nbsp;: \u00e2ge, anciennet\u00e9&#8230;<\/li>\n<\/ul>\n\n\n\n<p>Pour \u00e9laborer vos consignes, il n&rsquo;y a plus qu&rsquo;\u00e0 jeter les d\u00e9s&nbsp;! Mais il y a de fortes chances que le r\u00e9sultat ne soit pas adapt\u00e9, car il faut r\u00e9fl\u00e9chir au contexte et aux intentions d&rsquo;un temps collectif.<\/p>\n\n\n\n<p>Et, malheureusement, aucun outil ne permet de s&rsquo;affranchir de ce temps de pr\u00e9paration et de r\u00e9flexion sur le d\u00e9roulement d&rsquo;un temps collectif.<\/p>\n\n\n\n<p>D&rsquo;o\u00f9 cette autre citation d&rsquo;Ivan Illitch&nbsp;: \u00ab&nbsp; un outil avec lequel travailler &#8230;&nbsp;\u00bb<\/p>\n\n\n\n<p>Aujourd&rsquo;hui, je continue de proposer des formations \u00e0 des outils d&rsquo;\u00e9ducation populaire, dans lesquelles, au-del\u00e0 de l&rsquo;initiation \u00e0 des processus de travail, j&rsquo;essaie de formaliser l&rsquo;int\u00e9r\u00eat et les limites des outils propos\u00e9s, pour faciliter l&rsquo;utilisation de ces outils, leur adaptation et leur transformation en fonction des contextes et des intentions.<\/p>\n\n\n\n<p>Pour autant, tr\u00e8s nombreuses ont \u00e9t\u00e9 les situations o\u00f9 une formation \u00e0 des outils visait, selon la direction, \u00e0 restaurer de la confiance au sein d&rsquo;une \u00e9quipe de travail. Effectivement, la formation donnait une bouff\u00e9e d&rsquo;air \u00e0 l&rsquo;\u00e9quipe, et le temps de la formation, les relations au sein de l&rsquo;\u00e9quipe \u00e9taient plus fluides, parce que l&rsquo;\u00e9quipe n&rsquo;avait plus \u00e0 produire pendant ces quelques jours, et le conduite du groupe \u00e9tait assur\u00e9e par une personne ext\u00e9rieure \u00e0 l&rsquo;\u00e9quipe&#8230;<\/p>\n\n\n\n<p>Je pense que tous ces outils ont un postulat qui ne se dit pas&nbsp;: ils n\u00e9cessitent que les individus qui composent le groupe aient envie de travailler ensemble, car ces outils ne peuvent pas cr\u00e9er cette envie. Et lorsque cette envie n&rsquo;existe pas, ou n&rsquo;existe plus, alors ces outils sont bien impuissants \u00e0 changer quoi que ce soit \u00e0 la situation.<\/p>\n\n\n\n<h2 class=\"wp-block-heading\">Ressources<\/h2>\n\n\n\n<p>Voici les PDF des Cahiers du Pav\u00e9, \u00e9clairant le rapport aux outils et m\u00e9thodes d&rsquo;\u00e9ducation populaire pr\u00e9sent\u00e9 sur cette page.<\/p>\n\n\n\n<ul class=\"wp-block-list\">\n<li>No 1 : Le Projet<\/li>\n<\/ul>\n\n\n\n<div data-wp-interactive=\"core\/file\" class=\"wp-block-file\"><object data-wp-bind--hidden=\"!state.hasPdfPreview\" hidden class=\"wp-block-file__embed\" data=\"https:\/\/www.sanstransition.org\/wp-content\/uploads\/2025\/03\/Les-cahiers-du-Pave-No-1-Le-projet.pdf\" type=\"application\/pdf\" style=\"width:100%;height:600px\" aria-label=\"Contenu embarqu\u00e9 Les-cahiers-du-Pav\u00e9 No 1 - Le projet.\"><\/object><a id=\"wp-block-file--media-383f19df-d518-43b0-843b-2d927fe3cb04\" href=\"https:\/\/www.sanstransition.org\/wp-content\/uploads\/2025\/03\/Les-cahiers-du-Pave-No-1-Le-projet.pdf\">Les-cahiers-du-Pav\u00e9 No 1 &#8211; Le projet<\/a><a href=\"https:\/\/www.sanstransition.org\/wp-content\/uploads\/2025\/03\/Les-cahiers-du-Pave-No-1-Le-projet.pdf\" class=\"wp-block-file__button wp-element-button\" download aria-describedby=\"wp-block-file--media-383f19df-d518-43b0-843b-2d927fe3cb04\">T\u00e9l\u00e9charger<\/a><\/div>\n\n\n\n<ul class=\"wp-block-list\">\n<li>No 2 : La Participation<\/li>\n<\/ul>\n\n\n\n<div data-wp-interactive=\"core\/file\" class=\"wp-block-file\"><object data-wp-bind--hidden=\"!state.hasPdfPreview\" hidden class=\"wp-block-file__embed\" data=\"https:\/\/www.sanstransition.org\/wp-content\/uploads\/2025\/03\/Les-cahiers-du-Pave-No-2-La-participation.pdf\" type=\"application\/pdf\" style=\"width:100%;height:600px\" aria-label=\"Contenu embarqu\u00e9 Les-cahiers-du-Pav\u00e9 No 2 - La-participation.\"><\/object><a id=\"wp-block-file--media-88f52963-88f2-47da-b81c-e9d96bef7ec4\" href=\"https:\/\/www.sanstransition.org\/wp-content\/uploads\/2025\/03\/Les-cahiers-du-Pave-No-2-La-participation.pdf\">Les-cahiers-du-Pav\u00e9 No 2 &#8211; La-participation<\/a><a href=\"https:\/\/www.sanstransition.org\/wp-content\/uploads\/2025\/03\/Les-cahiers-du-Pave-No-2-La-participation.pdf\" class=\"wp-block-file__button wp-element-button\" download aria-describedby=\"wp-block-file--media-88f52963-88f2-47da-b81c-e9d96bef7ec4\">T\u00e9l\u00e9charger<\/a><\/div>\n\n\n\n<ul class=\"wp-block-list\">\n<li>No 3 : R\u00e9cits de Vie<\/li>\n<\/ul>\n\n\n\n<div data-wp-interactive=\"core\/file\" class=\"wp-block-file\"><object data-wp-bind--hidden=\"!state.hasPdfPreview\" hidden class=\"wp-block-file__embed\" data=\"https:\/\/www.sanstransition.org\/wp-content\/uploads\/2025\/03\/Les-cahiers-du-Pave-No-3-Les-recits-de-vie.pdf\" type=\"application\/pdf\" style=\"width:100%;height:600px\" aria-label=\"Contenu embarqu\u00e9 Les-cahiers-du-Pav\u00e9 No 3 - Les r\u00e9cits de vie.\"><\/object><a id=\"wp-block-file--media-362caae1-53ab-47a4-9521-2fc089ddd2e4\" href=\"https:\/\/www.sanstransition.org\/wp-content\/uploads\/2025\/03\/Les-cahiers-du-Pave-No-3-Les-recits-de-vie.pdf\">Les-cahiers-du-Pav\u00e9 No 3 &#8211; Les r\u00e9cits de vie<\/a><a href=\"https:\/\/www.sanstransition.org\/wp-content\/uploads\/2025\/03\/Les-cahiers-du-Pave-No-3-Les-recits-de-vie.pdf\" class=\"wp-block-file__button wp-element-button\" download aria-describedby=\"wp-block-file--media-362caae1-53ab-47a4-9521-2fc089ddd2e4\">T\u00e9l\u00e9charger<\/a><\/div>\n\n\n\n<p><\/p>\n","protected":false},"excerpt":{"rendered":"<p>J&rsquo;adore les outils pour animer des groupes. J&rsquo;ai particip\u00e9 \u00e0 de nombreux stages pour en acqu\u00e9rir des nouveaux, j&rsquo;adore animer des stages visant \u00e0 transmettre des outils. Faciliter le travail d&rsquo;un groupe, qui g\u00e9n\u00e9ralement cherche \u00e0 faire avancer des causes qui me semble juste, me procure beaucoup de satisfaction. Avec l&rsquo;exp\u00e9rience, je per\u00e7ois maintenant la [&hellip;]<\/p>\n","protected":false},"author":1,"featured_media":0,"parent":3435,"menu_order":3,"comment_status":"closed","ping_status":"closed","template":"","meta":{"jetpack_post_was_ever_published":false,"footnotes":""},"class_list":["post-1343","page","type-page","status-publish","hentry"],"jetpack_sharing_enabled":true,"_links":{"self":[{"href":"https:\/\/www.sanstransition.org\/index.php\/wp-json\/wp\/v2\/pages\/1343","targetHints":{"allow":["GET"]}}],"collection":[{"href":"https:\/\/www.sanstransition.org\/index.php\/wp-json\/wp\/v2\/pages"}],"about":[{"href":"https:\/\/www.sanstransition.org\/index.php\/wp-json\/wp\/v2\/types\/page"}],"author":[{"embeddable":true,"href":"https:\/\/www.sanstransition.org\/index.php\/wp-json\/wp\/v2\/users\/1"}],"replies":[{"embeddable":true,"href":"https:\/\/www.sanstransition.org\/index.php\/wp-json\/wp\/v2\/comments?post=1343"}],"version-history":[{"count":5,"href":"https:\/\/www.sanstransition.org\/index.php\/wp-json\/wp\/v2\/pages\/1343\/revisions"}],"predecessor-version":[{"id":2863,"href":"https:\/\/www.sanstransition.org\/index.php\/wp-json\/wp\/v2\/pages\/1343\/revisions\/2863"}],"up":[{"embeddable":true,"href":"https:\/\/www.sanstransition.org\/index.php\/wp-json\/wp\/v2\/pages\/3435"}],"wp:attachment":[{"href":"https:\/\/www.sanstransition.org\/index.php\/wp-json\/wp\/v2\/media?parent=1343"}],"curies":[{"name":"wp","href":"https:\/\/api.w.org\/{rel}","templated":true}]}}

Outils et méthodes

<p>J&rsquo;adore les outils pour animer des groupes. J&rsquo;ai participé à de nombreux stages pour en acquérir des nouveaux, j&rsquo;adore animer des stages visant à transmettre des outils. Faciliter le travail d&rsquo;un groupe, qui généralement cherche à faire avancer des causes qui me semble juste, me procure beaucoup de satisfaction.</p>



<p>Avec l&rsquo;expérience, je perçois maintenant la mécanique derrière tous ces outils. Et la magie n&rsquo;opère plus. Un auteur a beaucoup compté dans mon parcours, car il apporte une réflexion très à propos sur le rapport aux outils&nbsp;: Ivan Illitch. Voici une citation&nbsp;:</p>



<p>«&nbsp;L’homme a besoin d’un outil avec lequel travailler, non d’un outillage qui travaille à sa place. Or il est manifeste aujourd’hui que c’est l’outil qui de l’homme fait son esclave. L’outil simple, pauvre, transparent est un humble serviteur&nbsp;; l’outil élaboré, complexe, secret est un maître arrogant.</p>



<p>L’outil reste convivial dans la mesure où chacun peut l’utiliser, sans difficulté, aussi souvent qu’il le désire. Personne n’a besoin d’un diplôme pour avoir le droit de s’en servir. Conviviale est la société où l’homme contrôle l’outil.&nbsp;»</p>



<p>Cette citation m&rsquo;a beaucoup marquée.</p>



<p>J&rsquo;ai rédigé la section «&nbsp;outils&nbsp;» du site internet de la Scop Le Pavé et de la revue No 2 des Cahiers du Pavé, présentant des outils que nous utilisions. J&rsquo;ai longtemps hésité, craignant que ces recettes ne remplacent le travail nécessaire de sélection et d&rsquo;adaptation des outils à utiliser en fonction du contexte.</p>



<p>Mais, pour ma part, j&rsquo;ai appris en répétant des recettes apprises ici ou là, avant d&rsquo;acquérir la capacité à les adapter, à les transformer, à en inventer, en fonction des besoins que j&rsquo;avais. Dans ces écrits, il manquait quelque chose&nbsp;: l&rsquo;explicitation de ce qui constituent ces outils, pour les prendre pour ce qu&rsquo;ils sont, et non pas des formules magiques.</p>



<h3 class="wp-block-heading">Qu&rsquo;est-ce qu&rsquo;un outil d&rsquo;éducation populaire&nbsp;?</h3>



<p>Sans doute parce que ce n&rsquo;était pas encore très clair pour moi à l&rsquo;époque. Vu d&rsquo;aujourd&rsquo;hui, j&rsquo;en dirais ceci&nbsp;:</p>



<p>Un outil d&rsquo;éducation populaire est un ensemble organisé de contraintes proposées à un groupe pour faciliter un travail d&rsquo;élaboration collective qu&rsquo;il s&rsquo;est lui-même fixé. Ces contraintes visent à égaliser la place de chacun dans cette production collective, et donc à permettre au groupe et aux individus qui le composent de vivre des espaces-temps émancipés des rapports de domination qui s&rsquo;exerceraient sinon sur lui.</p>



<p>Les contraintes proposées par ces outils portent souvent sur les mêmes registres&nbsp;:</p>



<ul class="wp-block-list">
<li>le nombre de personnes</li>



<li>le temps</li>



<li>le type de paroles</li>



<li>le type de restitution</li>



<li>la règle d&rsquo;accès à la parole</li>
</ul>



<h3 class="wp-block-heading">La formule secrète des outils de l&rsquo;éducation populaire</h3>



<p>Pour démystifier ces outils, voici la formule secrète pour en élaborer de nouveaux&nbsp;:</p>



<p>Prenez 5 dés à 6 faces et préparer de petits autocollants de la taille de la face d&rsquo;un dé.</p>



<p>Chaque dé sera associé à un registre de contraintes et chaque face de ce dé proposera une règle pour gérer ce registre. Vous aurez ainsi, pour chaque registre de contraintes, 6 possibilités différentes.</p>



<p>Voici une proposition de départ pour les faces de chacun de ces dés&nbsp;:</p>



<ul class="wp-block-list">
<li><strong>Dé «&nbsp;Nombre de personnes&nbsp;»</strong>&nbsp;: <br>1 -2 -3/4 – 5/6 – ½ groupe ou 1/3 de groupe – plénière</li>



<li><strong>Dé «&nbsp;temps&nbsp;»&nbsp;: </strong><br>5mn – 10mn – 30mn – 1h – le premier qui a fini – tout votre temps</li>



<li><strong>Dé «&nbsp;type de paroles&nbsp;»&nbsp;:</strong> <br>Arguments – Anecdotes – Témoignages – Avis – Ressentis – Libre</li>



<li><strong>Dé «&nbsp;type de restitution&nbsp;»&nbsp;: </strong><br>Rapporteur – Paper-board – Aucune – Dessin – scénette – Image</li>



<li><strong>Dé «&nbsp;prise de parole&nbsp;»&nbsp;: </strong><br>lever le doigt, tour de table, aucune, tickets de parole, un homme / une femme, selon un critère fixé à l&rsquo;avance&nbsp;: âge, ancienneté&#8230;</li>
</ul>



<p>Pour élaborer vos consignes, il n&rsquo;y a plus qu&rsquo;à jeter les dés&nbsp;! Mais il y a de fortes chances que le résultat ne soit pas adapté, car il faut réfléchir au contexte et aux intentions d&rsquo;un temps collectif.</p>



<p>Et, malheureusement, aucun outil ne permet de s&rsquo;affranchir de ce temps de préparation et de réflexion sur le déroulement d&rsquo;un temps collectif.</p>



<p>D&rsquo;où cette autre citation d&rsquo;Ivan Illitch&nbsp;: «&nbsp; un outil avec lequel travailler &#8230;&nbsp;»</p>



<p>Aujourd&rsquo;hui, je continue de proposer des formations à des outils d&rsquo;éducation populaire, dans lesquelles, au-delà de l&rsquo;initiation à des processus de travail, j&rsquo;essaie de formaliser l&rsquo;intérêt et les limites des outils proposés, pour faciliter l&rsquo;utilisation de ces outils, leur adaptation et leur transformation en fonction des contextes et des intentions.</p>



<p>Pour autant, très nombreuses ont été les situations où une formation à des outils visait, selon la direction, à restaurer de la confiance au sein d&rsquo;une équipe de travail. Effectivement, la formation donnait une bouffée d&rsquo;air à l&rsquo;équipe, et le temps de la formation, les relations au sein de l&rsquo;équipe étaient plus fluides, parce que l&rsquo;équipe n&rsquo;avait plus à produire pendant ces quelques jours, et le conduite du groupe était assurée par une personne extérieure à l&rsquo;équipe&#8230;</p>



<p>Je pense que tous ces outils ont un postulat qui ne se dit pas&nbsp;: ils nécessitent que les individus qui composent le groupe aient envie de travailler ensemble, car ces outils ne peuvent pas créer cette envie. Et lorsque cette envie n&rsquo;existe pas, ou n&rsquo;existe plus, alors ces outils sont bien impuissants à changer quoi que ce soit à la situation.</p>



<h2 class="wp-block-heading">Ressources</h2>



<p>Voici les PDF des Cahiers du Pavé, éclairant le rapport aux outils et méthodes d&rsquo;éducation populaire présenté sur cette page.</p>



<ul class="wp-block-list">
<li>No 1 : Le Projet</li>
</ul>



<div data-wp-interactive="core/file" class="wp-block-file"><object data-wp-bind--hidden="!state.hasPdfPreview" hidden class="wp-block-file__embed" data="https://www.sanstransition.org/wp-content/uploads/2025/03/Les-cahiers-du-Pave-No-1-Le-projet.pdf" type="application/pdf" style="width:100%;height:600px" aria-label="Contenu embarqué Les-cahiers-du-Pavé No 1 - Le projet."></object><a id="wp-block-file--media-383f19df-d518-43b0-843b-2d927fe3cb04" href="https://www.sanstransition.org/wp-content/uploads/2025/03/Les-cahiers-du-Pave-No-1-Le-projet.pdf">Les-cahiers-du-Pavé No 1 &#8211; Le projet</a><a href="https://www.sanstransition.org/wp-content/uploads/2025/03/Les-cahiers-du-Pave-No-1-Le-projet.pdf" class="wp-block-file__button wp-element-button" download aria-describedby="wp-block-file--media-383f19df-d518-43b0-843b-2d927fe3cb04">Télécharger</a></div>



<ul class="wp-block-list">
<li>No 2 : La Participation</li>
</ul>



<div data-wp-interactive="core/file" class="wp-block-file"><object data-wp-bind--hidden="!state.hasPdfPreview" hidden class="wp-block-file__embed" data="https://www.sanstransition.org/wp-content/uploads/2025/03/Les-cahiers-du-Pave-No-2-La-participation.pdf" type="application/pdf" style="width:100%;height:600px" aria-label="Contenu embarqué Les-cahiers-du-Pavé No 2 - La-participation."></object><a id="wp-block-file--media-88f52963-88f2-47da-b81c-e9d96bef7ec4" href="https://www.sanstransition.org/wp-content/uploads/2025/03/Les-cahiers-du-Pave-No-2-La-participation.pdf">Les-cahiers-du-Pavé No 2 &#8211; La-participation</a><a href="https://www.sanstransition.org/wp-content/uploads/2025/03/Les-cahiers-du-Pave-No-2-La-participation.pdf" class="wp-block-file__button wp-element-button" download aria-describedby="wp-block-file--media-88f52963-88f2-47da-b81c-e9d96bef7ec4">Télécharger</a></div>



<ul class="wp-block-list">
<li>No 3 : Récits de Vie</li>
</ul>



<div data-wp-interactive="core/file" class="wp-block-file"><object data-wp-bind--hidden="!state.hasPdfPreview" hidden class="wp-block-file__embed" data="https://www.sanstransition.org/wp-content/uploads/2025/03/Les-cahiers-du-Pave-No-3-Les-recits-de-vie.pdf" type="application/pdf" style="width:100%;height:600px" aria-label="Contenu embarqué Les-cahiers-du-Pavé No 3 - Les récits de vie."></object><a id="wp-block-file--media-362caae1-53ab-47a4-9521-2fc089ddd2e4" href="https://www.sanstransition.org/wp-content/uploads/2025/03/Les-cahiers-du-Pave-No-3-Les-recits-de-vie.pdf">Les-cahiers-du-Pavé No 3 &#8211; Les récits de vie</a><a href="https://www.sanstransition.org/wp-content/uploads/2025/03/Les-cahiers-du-Pave-No-3-Les-recits-de-vie.pdf" class="wp-block-file__button wp-element-button" download aria-describedby="wp-block-file--media-362caae1-53ab-47a4-9521-2fc089ddd2e4">Télécharger</a></div>



<p></p>

<p>J&rsquo;adore les outils pour animer des groupes. J&rsquo;ai participé à de nombreux stages pour en acquérir des nouveaux, j&rsquo;adore animer des stages visant à transmettre des outils. Faciliter le travail d&rsquo;un groupe, qui généralement cherche à faire avancer des causes qui me semble juste, me procure beaucoup de satisfaction. Avec l&rsquo;expérience, je perçois maintenant la [&hellip;]</p>
