{"id":1345,"date":"2023-01-20T11:19:32","date_gmt":"2023-01-20T10:19:32","guid":{"rendered":"https:\/\/www.sanstransition.org\/?page_id=1345"},"modified":"2024-11-02T11:18:37","modified_gmt":"2024-11-02T10:18:37","slug":"porteurs-de-parole","status":"publish","type":"page","link":"https:\/\/www.sanstransition.org\/index.php\/education-populaire-2\/outils-danimation\/porteurs-de-parole\/","title":{"rendered":"Porteurs de Parole"},"content":{"rendered":"\n<figure class=\"wp-block-image size-full\"><img loading=\"lazy\" decoding=\"async\" width=\"720\" height=\"540\" src=\"https:\/\/www.sanstransition.org\/wp-content\/uploads\/2023\/02\/Diapositive22.jpg\" alt=\"\" class=\"wp-image-1555\" srcset=\"https:\/\/www.sanstransition.org\/wp-content\/uploads\/2023\/02\/Diapositive22.jpg 720w, https:\/\/www.sanstransition.org\/wp-content\/uploads\/2023\/02\/Diapositive22-300x225.jpg 300w\" sizes=\"auto, (max-width: 720px) 100vw, 720px\" \/><\/figure>\n\n\n\n<p class=\"has-medium-font-size\" style=\"margin-top:0;margin-right:0;margin-bottom:0;margin-left:0\">Invent\u00e9 en 2002 par l&rsquo;association L\u00e9zards Politiques (dont je suis co-fondateur), peaufin\u00e9e par l&rsquo;association Mati\u00e8res Prises et diffus\u00e9e, entre autres, par le Pav\u00e9 (dont je suis co-fondateur) puis par les coop\u00e9ratives d&rsquo;\u00e9ducation populaire, cette m\u00e9thode d&rsquo;animation est maintenant bien \u00e9tablie dans le r\u00e9pertoire des pratiques socio-culturelles. Il suffit de se pr\u00eater quelques heures \u00e0 l&rsquo;exercice du Porteur de paroles pour mesurer l&rsquo;excitation qu&rsquo;il y a \u00e0 simplement partir \u00e0 la rencontre de quelques passants et la force de ces rencontres sur nos id\u00e9es et nos conceptions du monde.<\/p>\n\n\n\n<p class=\"has-medium-font-size\" style=\"margin-top:0;margin-right:0;margin-bottom:0;margin-left:0\">Le Porteur de paroles est un dispositif qui permet d\u2019engager un d\u00e9bat dans un lieu public avec des gens que l\u2019on ne conna\u00eet pas, \u00e0 partir d\u2019une question \u00e9crite en grand format. M\u00eame s&rsquo;il y a des comp\u00e9tences \u00e0 acqu\u00e9rir dans le choix du lieu ou de la question, dans l&rsquo;approche des gens comme dans la men\u00e9e d&rsquo;entretien, cet exercice est toujours passionnant.<\/p>\n\n\n\n<p>Il s&rsquo;agit de permettre aux participants de vivre une multitude de discussions politiques \u00e0 2 ou 3 dans des espaces publics avec des passants (si \u00e7a se passe dans la rue) ou avec les gens pr\u00e9sents (si \u00e7a se passe pendant un \u00e9v\u00e9nement au sens large)<\/p>\n\n\n\n<p>En guise de pr\u00e9paration&nbsp;: r\u00e9colte des panneaux rigides de diff\u00e9rentes dimensions, des marqueurs, de quoi accrocher ces panneaux sur le lieu de l\u2019intervention et rep\u00e9rer correctement ce lieu. Et se former \u00e0 l\u2019intervention dans l\u2019espace public.<\/p>\n\n\n\n<p>Quant \u00e0 l\u2019animation&nbsp;: Il faut tout d\u2019abord r\u00e9unir une \u00e9quipe de volontaires pour se lancer dans cette aventure. Puis d\u00e9terminer un sujet de discussion. Puis une phrase d\u2019accroche (souvent une question) reproduite en tr\u00e8s grand format et affich\u00e9e dans un lieu de passage. Puis r\u00e9colter des r\u00e9ponses en questionnant les gens qui s\u2019arr\u00eatent devant la phrase d\u2019accroche ou les r\u00e9ponses d\u00e9j\u00e0 affich\u00e9es. Ce dispositif est un stratag\u00e8me pour permettre des rencontres mais n\u2019induit pas l\u2019intention qu\u2019il y a \u00e0 cr\u00e9er ces rencontres. C\u2019est tout l\u2019enjeu du stage de 4 jours que nous proposons autour de cet outil.<br>Puis afficher les nouvelles r\u00e9ponses en les \u00e9crivant sur des grands formats&nbsp;Et construire ainsi un d\u00e9cor constitu\u00e9 des r\u00e9ponses des gens. Au bout d\u2019un moment, le dispositif peut fonctionner \u00ab&nbsp;seul&nbsp;\u00bb, les gens discutant spontan\u00e9ment entre eux du th\u00e8me propos\u00e9.<\/p>\n\n\n\n<p>NdlR&nbsp;: Cette m\u00e9thode est faussement simple et contient au moins 4 \u00e9cueils&nbsp;:<br>poser une question \u00e0 laquelle on a la r\u00e9ponse, car elle transforme les animateurs en militants pros\u00e9lytes faisant fuir tout le monde sauf leurs clones<br>se placer au mauvais endroit ou au mauvais moment, car les gens \u00e9tant libres de participer ou non, ils ne se priveront pas de vous laisser seuls avec vos panneaux<br>Se positionner comme militant pros\u00e9lyte ou comme sondeur pendant les rencontres&nbsp;: soit on cherche \u00e0 convaincre l\u2019autre (cette posture va se sentir, m\u00eame de loin, et vous serez seuls avec vos panneaux), soit on r\u00e9colte simplement l\u2019opinion des gens (ce qui \u00ab&nbsp;fonctionne&nbsp;\u00bb mais quel en est le sens&nbsp;?)<br>Avoir une pauvret\u00e9 de sens dans les r\u00e9ponses affich\u00e9es&nbsp;: si toutes les r\u00e9ponses vont dans le m\u00eame sens, alors le dispositif n\u2019est plus un lieu de rencontres mais de conversion \u00e0 cette id\u00e9e, ce qui n\u2019attirera que les d\u00e9j\u00e0-convertis (et encore) ou les volontaires \u00e0 la conversion (tr\u00e8s peu nombreux). Si les r\u00e9ponses ne contiennent pas d\u2019ambivalences, de doutes, de complexit\u00e9, de singularit\u00e9s ou de particularit\u00e9s, bref si elles sont plates comme des slogans ou des id\u00e9es re\u00e7ues, alors \u00e7a fonctionnera aussi mal qu\u2019un mur d\u2019expression libre&nbsp;: certains viendront s\u2019y d\u00e9fouler et personne ou presque n\u2019ira lire ou discuter devant. <\/p>\n\n\n\n<p>Variantes&nbsp;: il y en a tellement&nbsp;! Suivant que l\u2019on souhaite animer un march\u00e9, le temps informel d\u2019un colloque, le hall d\u2019entr\u00e9e d\u2019une MJC ou une enqu\u00eate publique dans un quartier, les param\u00e8tres seront \u00e9videmment diff\u00e9rents. Cependant et dans tous les cas, ce dispositif a le m\u00e9rite de pouvoir faire vivre facilement des interactions multiples dans un espace public. Les animateurs du dispositif sont \u00e0 chaque fois \u00e9berlu\u00e9s de la simplicit\u00e9 \u00e0 entrer en contact avec les gens (qui ne demandent que \u00e7a, \u00e0 condition qu\u2019ils aient la place de \u00ab&nbsp;participer&nbsp;\u00bb, ce dispositif en ait une preuve flagrante), et de la joie qu\u2019ils en ont retir\u00e9s. Alors m\u00eame que les exp\u00e9riences \u00e9quivalentes avaient souvent occasionn\u00e9es de la g\u00eane (le stand auquel personne ne vient), du ridicule (la cri\u00e9e publique ou autres tentatives de passer par du spectaculaire) ou du d\u00e9couragement (comme le porte-\u00e0-porte).<\/p>\n\n\n\n<h2 class=\"wp-block-heading\">Formation<\/h2>\n\n\n\n<p>La formation est propos\u00e9e sur 3 jours \u00e9tal\u00e9e sur 4. Dans le d\u00e9roul\u00e9 ci-dessous, elle est imagin\u00e9e du mardi 14h au vendredi 12h.<\/p>\n\n\n\n<p>Apr\u00e8s une demi-journ\u00e9e de pr\u00e9sentation le mardi apr\u00e8s-midi, le mercredi sera la journ\u00e9e de test : une matin\u00e9e de pr\u00e9paration concr\u00e8te : d\u00e9finition de la question, r\u00e9daction des premi\u00e8res r\u00e9ponses, installation dans l&rsquo;espace public&#8230; et l&rsquo;apr\u00e8s-midi pour faire vivre le dispositif, c&rsquo;est-\u00e0-dire r\u00e9colte de points de vue \u00e0 partir d&rsquo;entretiens avec des passants et r\u00e9daction de panneaux-r\u00e9ponses \u00e0 partir de ces entretiens.<\/p>\n\n\n\n<p>Le jeudi pour d\u00e9couvrir les difficult\u00e9s d&rsquo;une m\u00e9thode faussement simple, s&rsquo;approprier les savoirs n\u00e9cessaires \u00e0 partir de l&rsquo;analyse de la situation v\u00e9cue la veille : lecture de l\u2019espace publique, question qui fait d\u00e9bat, l\u2019entr\u00e9e en relation, la men\u00e9e de l\u2019entretien, l\u2019analyse des r\u00e9ponses. <\/p>\n\n\n\n<p>Le vendredi matin pour \u00e9changer sur des dispositifs li\u00e9es \u00e0 des applications concr\u00e8tes apport\u00e9es par les stagiaires : f\u00eate de quartier, r\u00e9union associative, action militante, outil d\u2019enqu\u00eate.<\/p>\n\n\n\n<h3 class=\"wp-block-heading\">Pour suivre cette formation<\/h3>\n\n\n\n<p>\u00c9crire<em> \u00e0 <a href=\"mailto:anthonybrault@gmail.com\">anthonybrault@gmail.com<\/a><\/em><\/p>\n\n\n\n<p>Aucune prochaine date n\u2019est programm\u00e9e. J\u2019interviens sur demande d\u2019une organisation pour son \u00e9quipe de salari\u00e9-e-s et\/ou de b\u00e9n\u00e9voles. Pour obtenir une prise en charge de cette formation par votre OPCO, contactez-moi.<\/p>\n\n\n\n<p>Cette formation est en effet accessible \u00e0 une prise-en-charge par les fonds de formation. En effet, Sans Transition est membre d\u2019Oxalis, certifi\u00e9e Qualiopi au titre des actions de formation, des bilans de comp\u00e9tences et des actions permettant de faire valider les acquis de l\u2019exp\u00e9rience.<\/p>\n\n\n\n<p>Je peux aussi la programmer par chez vous si un noyau de personnes s\u2019organise pour l\u2019accueillir. Pour demander une prise-en-charge de cette formation \u00e0 votre employeur, vous avez besoin du programme de la formation et d\u2019un devis : merci de m\u2019indiquer par mail le nom et l\u2019adresse postale de votre employeur.<\/p>\n\n\n\n<p>Personnes en situation de handicap : des conditions d\u2019accessibilit\u00e9s peuvent \u00eatre mises en place. Merci de nous en informer avant afin de convenir ensemble des modalit\u00e9s d\u2019accueil.<\/p>\n\n\n\n<h2 class=\"wp-block-heading\">Ressources <\/h2>\n\n\n\n<figure class=\"wp-block-embed is-type-video is-provider-youtube wp-block-embed-youtube wp-embed-aspect-16-9 wp-has-aspect-ratio\"><div class=\"wp-block-embed__wrapper\">\n<iframe loading=\"lazy\" title=\"Porteur de paroles\" width=\"500\" height=\"281\" src=\"https:\/\/www.youtube.com\/embed\/FZI8xm-auVE?feature=oembed\" frameborder=\"0\" allow=\"accelerometer; autoplay; clipboard-write; encrypted-media; gyroscope; picture-in-picture; web-share\" referrerpolicy=\"strict-origin-when-cross-origin\" allowfullscreen><\/iframe>\n<\/div><\/figure>\n\n\n\n<div data-wp-interactive=\"core\/file\" class=\"wp-block-file aligncenter\"><object data-wp-bind--hidden=\"!state.hasPdfPreview\" hidden class=\"wp-block-file__embed\" data=\"https:\/\/www.sanstransition.org\/wp-content\/uploads\/2023\/01\/livret-DVD-porteur-de-parole-web-1.pdf\" type=\"application\/pdf\" style=\"width:100%;height:850px\" aria-label=\"Contenu embarqu\u00e9 livret-DVD-porteur-de-parole-web.\"><\/object><a id=\"wp-block-file--media-492b6bc6-cb20-48cd-b743-c3ef0e00cab7\" href=\"https:\/\/www.sanstransition.org\/wp-content\/uploads\/2023\/01\/livret-DVD-porteur-de-parole-web-1.pdf\">livret-DVD-porteur-de-parole-web<\/a><a href=\"https:\/\/www.sanstransition.org\/wp-content\/uploads\/2023\/01\/livret-DVD-porteur-de-parole-web-1.pdf\" class=\"wp-block-file__button wp-element-button\" download aria-describedby=\"wp-block-file--media-492b6bc6-cb20-48cd-b743-c3ef0e00cab7\">T\u00e9l\u00e9charger<\/a><\/div>\n","protected":false},"excerpt":{"rendered":"<p>Invent\u00e9 en 2002 par l&rsquo;association L\u00e9zards Politiques (dont je suis co-fondateur), peaufin\u00e9e par l&rsquo;association Mati\u00e8res Prises et diffus\u00e9e, entre autres, par le Pav\u00e9 (dont je suis co-fondateur) puis par les coop\u00e9ratives d&rsquo;\u00e9ducation populaire, cette m\u00e9thode d&rsquo;animation est maintenant bien \u00e9tablie dans le r\u00e9pertoire des pratiques socio-culturelles. Il suffit de se pr\u00eater quelques heures \u00e0 l&rsquo;exercice [&hellip;]<\/p>\n","protected":false},"author":1,"featured_media":0,"parent":1343,"menu_order":0,"comment_status":"closed","ping_status":"closed","template":"","meta":{"jetpack_post_was_ever_published":false,"footnotes":""},"class_list":["post-1345","page","type-page","status-publish","hentry"],"jetpack_sharing_enabled":true,"_links":{"self":[{"href":"https:\/\/www.sanstransition.org\/index.php\/wp-json\/wp\/v2\/pages\/1345","targetHints":{"allow":["GET"]}}],"collection":[{"href":"https:\/\/www.sanstransition.org\/index.php\/wp-json\/wp\/v2\/pages"}],"about":[{"href":"https:\/\/www.sanstransition.org\/index.php\/wp-json\/wp\/v2\/types\/page"}],"author":[{"embeddable":true,"href":"https:\/\/www.sanstransition.org\/index.php\/wp-json\/wp\/v2\/users\/1"}],"replies":[{"embeddable":true,"href":"https:\/\/www.sanstransition.org\/index.php\/wp-json\/wp\/v2\/comments?post=1345"}],"version-history":[{"count":11,"href":"https:\/\/www.sanstransition.org\/index.php\/wp-json\/wp\/v2\/pages\/1345\/revisions"}],"predecessor-version":[{"id":2454,"href":"https:\/\/www.sanstransition.org\/index.php\/wp-json\/wp\/v2\/pages\/1345\/revisions\/2454"}],"up":[{"embeddable":true,"href":"https:\/\/www.sanstransition.org\/index.php\/wp-json\/wp\/v2\/pages\/1343"}],"wp:attachment":[{"href":"https:\/\/www.sanstransition.org\/index.php\/wp-json\/wp\/v2\/media?parent=1345"}],"curies":[{"name":"wp","href":"https:\/\/api.w.org\/{rel}","templated":true}]}}