{"id":3462,"date":"2026-03-13T17:00:39","date_gmt":"2026-03-13T16:00:39","guid":{"rendered":"https:\/\/www.sanstransition.org\/?page_id=3462"},"modified":"2026-03-13T17:00:57","modified_gmt":"2026-03-13T16:00:57","slug":"comment-adapter-son-organisation-a-lextreme-droite-au-pouvoir","status":"publish","type":"page","link":"https:\/\/www.sanstransition.org\/index.php\/education-populaire\/comment-adapter-son-organisation-a-lextreme-droite-au-pouvoir\/","title":{"rendered":"Comment adapter son organisation \u00e0 l&rsquo;extr\u00eame-droite au pouvoir ?"},"content":{"rendered":"\n<p>Pour beaucoup en France, ce n&rsquo;est plus qu&rsquo;une question de temps. Alors ce sujet s&rsquo;invite de plus en plus souvent dans les discussions informelles sous forme du dilemme suivant : <\/p>\n\n\n\n<p>Faut-il faire front au risque de devenir une cible ou faut-il faire profil bas au risque de collaborer ? <\/p>\n\n\n\n<p>Il est par contre bien difficile d&rsquo;aborder s\u00e9rieusement le sujet dans les instances d&rsquo;une organisation. Difficile de le lancer sans para\u00eetre catastrophiste ou pessimiste, difficile d&rsquo;avoir une position nuanc\u00e9e sans passer pour un fasciste, difficile d&rsquo;avoir une position combattive sans devenir le gauchiste de service.<\/p>\n\n\n\n<p>Alors on se contente d&rsquo;en parler \u00e0 la machine-\u00e0-caf\u00e9 et au coin fumeur, et de conclure n&rsquo;importe quel d\u00e9bat avec une phrase du type : \u00ab\u00a0et bient\u00f4t ce sera pire !\u00a0\u00bb Dans un m\u00e9lange d&rsquo;impuissance et de r\u00e9signation, il semble pr\u00e9f\u00e9rable de faire l&rsquo;autruche&#8230; Jusqu&rsquo;\u00e0 tomber sur un flash info ou un journal.<\/p>\n\n\n\n<p>Alors on fait quoi ? On en discute o\u00f9 ? Et comment ? Pour faire quoi de toutes fa\u00e7ons ?<\/p>\n\n\n\n<p>Nous proposons de conduire des discussions sur les perspectives de votre organisation face \u00e0 la prise de pouvoir de l&rsquo;extr\u00eame-droite \u00e0 diff\u00e9rentes \u00e9chelles administratives. Il s&rsquo;agit d\u00e9j\u00e0 de pouvoir poser s\u00e9rieusement les questions li\u00e9es \u00e0 ces bouleversements politiques qui s&rsquo;annoncent sans pour autant imposer une morale, quelle qu&rsquo;elle soit. <\/p>\n\n\n\n<p><\/p>\n","protected":false},"excerpt":{"rendered":"<p>Pour beaucoup en France, ce n&rsquo;est plus qu&rsquo;une question de temps. Alors ce sujet s&rsquo;invite de plus en plus souvent dans les discussions informelles sous forme du dilemme suivant : Faut-il faire front au risque de devenir une cible ou faut-il faire profil bas au risque de collaborer ? Il est par contre bien difficile [&hellip;]<\/p>\n","protected":false},"author":1,"featured_media":0,"parent":447,"menu_order":0,"comment_status":"closed","ping_status":"closed","template":"","meta":{"jetpack_post_was_ever_published":false,"footnotes":""},"class_list":["post-3462","page","type-page","status-publish","hentry"],"jetpack_sharing_enabled":true,"_links":{"self":[{"href":"https:\/\/www.sanstransition.org\/index.php\/wp-json\/wp\/v2\/pages\/3462","targetHints":{"allow":["GET"]}}],"collection":[{"href":"https:\/\/www.sanstransition.org\/index.php\/wp-json\/wp\/v2\/pages"}],"about":[{"href":"https:\/\/www.sanstransition.org\/index.php\/wp-json\/wp\/v2\/types\/page"}],"author":[{"embeddable":true,"href":"https:\/\/www.sanstransition.org\/index.php\/wp-json\/wp\/v2\/users\/1"}],"replies":[{"embeddable":true,"href":"https:\/\/www.sanstransition.org\/index.php\/wp-json\/wp\/v2\/comments?post=3462"}],"version-history":[{"count":1,"href":"https:\/\/www.sanstransition.org\/index.php\/wp-json\/wp\/v2\/pages\/3462\/revisions"}],"predecessor-version":[{"id":3463,"href":"https:\/\/www.sanstransition.org\/index.php\/wp-json\/wp\/v2\/pages\/3462\/revisions\/3463"}],"up":[{"embeddable":true,"href":"https:\/\/www.sanstransition.org\/index.php\/wp-json\/wp\/v2\/pages\/447"}],"wp:attachment":[{"href":"https:\/\/www.sanstransition.org\/index.php\/wp-json\/wp\/v2\/media?parent=3462"}],"curies":[{"name":"wp","href":"https:\/\/api.w.org\/{rel}","templated":true}]}}