{"id":463,"date":"2016-10-26T21:55:29","date_gmt":"2016-10-26T19:55:29","guid":{"rendered":"http:\/\/www.sanstransition.org\/?page_id=463"},"modified":"2026-03-13T15:33:44","modified_gmt":"2026-03-13T14:33:44","slug":"qui-sommes-nous","status":"publish","type":"page","link":"https:\/\/www.sanstransition.org\/index.php\/et-sinon\/qui-sommes-nous\/","title":{"rendered":"Qui sommes-nous ?"},"content":{"rendered":"\n<h3 class=\"wp-block-heading\">Anthony Brault<\/h3>\n\n\n\n<figure class=\"wp-block-image aligncenter\"><img decoding=\"async\" src=\"https:\/\/www.sanstransition.org\/wp-content\/uploads\/Photo-Anthony-1-1024x701.jpg\" alt=\"L\u2019attribut alt de cette image est vide, son nom de fichier est Photo-Anthony-1-1024x701.jpg.\"\/><\/figure>\n\n\n\n<p class=\"western\"><span style=\"font-family: Liberation Sans, sans-serif;\"> Animateur socio-culturel de formation &#8211; titulaire d&rsquo;un DUT Carri\u00e8res Sociales &#8211; je me suis d&rsquo;abord investi dans des mouvements d&rsquo;\u00e9ducation populaire (Les Francas, STAJ, Concordia&#8230;). En parall\u00e8le de ces engagements associatifs, j\u2019ai con\u00e7u de nombreux dispositifs de d\u00e9bats, d\u2019abord dans des colonies de vacances puis dans des espaces publics puis dans des colloques, des assembl\u00e9es g\u00e9n\u00e9rales, ou des festivals.<\/span><\/p>\n\n\n\n<p class=\"western\"><span style=\"font-family: Liberation Sans, sans-serif;\">J\u2019ai import\u00e9 ces m\u00e9thodes &#8211; les d\u00e9bats mouvants, les porteurs de parole, le GrO-D\u00e9BaT\u2026 &#8211; au sein de la coop\u00e9rative Le Pav\u00e9 que j\u2019ai co-fond\u00e9 en 2007 et dont j\u2019ai \u00e9t\u00e9 salari\u00e9 et co-g\u00e9rant jusqu\u2019\u00e0 sa dissolution en d\u00e9cembre 2014.<\/span><\/p>\n\n\n\n<p class=\"western\"><span style=\"font-family: Liberation Sans, sans-serif;\">J&rsquo;ai entam\u00e9 en 2016 un Dipl\u00f4me de Hautes \u00c9tudes en Pratique Sociale (DHEPS), obtenu en 2019, pour dig\u00e9rer cette incroyable aventure que fut celle du Pav\u00e9, premi\u00e8re coop\u00e9rative d&rsquo;\u00e9ducation populaire en France. <\/span><\/p>\n\n\n\n<p class=\"western\"><span style=\"font-family: Liberation Sans, sans-serif;\"> Maintenant ind\u00e9pendant au sein de la coop\u00e9rative d\u2019entrepreneurs Oxalis, j\u2019interviens depuis quinze ans comme consultant et formateur, pour transmettre des outils et grilles de lecture issus de mes pratiques, rencontres et recherche dans le champ de l&rsquo;\u00e9ducation populaire.<\/span><\/p>\n\n\n\n<p class=\"western\"><span style=\"font-family: Liberation Sans, sans-serif;\"> Ce DHEPS m&rsquo;a aussi permis de m&rsquo;initier \u00e0 l&rsquo;analyse institutionnelle et \u00e0 la m\u00e9thode d&rsquo;intervention qui a fond\u00e9e cette discipline&nbsp;: la socianalyse. En travaillant avec Patrice Ville et Christiane Gilon, seuls socianalystes en activit\u00e9 au moment o\u00f9 j&rsquo;ai d\u00e9couvert cette m\u00e9thode d&rsquo;intervention, sur des interventions, puis sur des formations puis sur la cr\u00e9ation d&rsquo;un r\u00e9seau de praticiens, nous avons tous les trois refond\u00e9 une g\u00e9n\u00e9ration de praticiens de la socianalyse.<\/span><\/p>\n\n\n\n<p class=\"western\"><span style=\"font-family: Liberation Sans, sans-serif;\"> La socianalyse, crois\u00e9e avec mes savoirs-faire ant\u00e9rieurs, me permet maintenant d\u2019intervenir dans des situations difficiles, de crise, dans le milieu du travail ou des lieux de vie au sens large. J&rsquo;ai ainsi conduit une trentaine d&rsquo;interventions socianalytiques depuis 2016 et co-fond\u00e9 en 2020 un collectif de socianalystes&nbsp;: <a href=\"https:\/\/www.boitenoire.net\/\" target=\"_blank\" rel=\"noopener\">la Boite Noire<\/a>.<\/span><\/p>\n\n\n\n<h3 class=\"wp-block-heading\">Edeline Delanaud<\/h3>\n\n\n\n<figure class=\"wp-block-image size-full\"><img loading=\"lazy\" decoding=\"async\" width=\"150\" height=\"210\" src=\"https:\/\/www.sanstransition.org\/wp-content\/uploads\/2026\/03\/image.png\" alt=\"\" class=\"wp-image-3433\"\/><\/figure>\n\n\n\n<p>Educatrice sp\u00e9cialis\u00e9e de formation, j\u2019ai nourri mes pratiques des apports de<br>\u00ab l\u2019\u00e9ducation nouvelle \u00bb et des m\u00e9thodes actives. J\u2019ai travaill\u00e9 aupr\u00e8s d\u2019enfants (en<br>d\u00e9crochage, protection de l\u2019enfance), dans l\u2019insertion (centre maternel et toxicomanie) et j\u2019ai d\u00e9couvert le champ du handicap en tant qu\u2019animatrice d\u2019un Groupe d\u2019Entraide Mutuelle par la rencontre avec les adh\u00e9rents concern\u00e9s par des troubles psychiques. <\/p>\n\n\n\n<p>En tant qu\u2019animatrice d\u2019un GEM, j\u2019ai d\u00e9velopp\u00e9 des dispositifs de co-gestion et de<br>formation permettant aux adh\u00e9rents de s\u2019impliquer dans le fonctionnement r\u00e9gulier de la structure : gestion de l\u2019ambiance (accueil-entraide-r\u00e9gulation de conflits), de l\u2019animation du planning et des activit\u00e9s, du budget de fonctionnement, du soin des lieux et des relations\u2026 <\/p>\n\n\n\n<p>J\u2019ai, entre 2011 et 2015 j\u2019ai suivi \u00e0 distance le cursus Education, Formation et Intervention Sociale de Paris 8 et valid\u00e9 le Master 2. J\u2019y ai d\u00e9couvert l\u2019analyse institutionnelle devenue une r\u00e9f\u00e9rence dans mes pratiques aujourd\u2019hui fortement inspir\u00e9es de la psychoth\u00e9rapie et de la p\u00e9dagogie institutionnelles. <\/p>\n\n\n\n<p>En 2016 j\u2019ai accept\u00e9 un poste \u00e0 responsabilit\u00e9s et ouvert un SAVS puis un SAJ en Seine-Saint-Denis accueillant des adultes en situation de handicap psychique et\/ou avec des troubles du neurod\u00e9veloppement. Dans une dynamique de recherche-action permanente, ces ouvertures ont \u00e9t\u00e9 des terrains de coconstruction avec les \u00e9quipes et les personnes accueillies. <\/p>\n\n\n\n<p>Nous y avons con\u00e7u des pratiques et des dispositifs adapt\u00e9s aux publics et au contexte m\u00e9dico-social dans lesquels chacun agit sur le quotidien, sur les projets individuels et institutionnels \u00e0 travers des pratiques actives \u00e0 haut niveau d\u2019impact sur le fonctionnement des services. <\/p>\n\n\n\n<p>En parall\u00e8le, depuis 2012 j\u2019ai d\u00e9velopp\u00e9 des actions de formation aupr\u00e8s de futurs travailleurs sociaux et responsables de services en proposant l\u2019animation de groupes d\u2019analyse des pratiques professionnelles, guidances, certifications et des cours sur la participation des usagers, la recherche-action, ou les notions g\u00e9n\u00e9rales et politiques sociales li\u00e9es au handicap. D\u00e8s que possible, l\u2019\u00e9quipe \u00e9ducative et des personnes accompagn\u00e9es animent les cours avec moi.<br><\/p>\n","protected":false},"excerpt":{"rendered":"<p>Anthony Brault Animateur socio-culturel de formation &#8211; titulaire d&rsquo;un DUT Carri\u00e8res Sociales &#8211; je me suis d&rsquo;abord investi dans des mouvements d&rsquo;\u00e9ducation populaire (Les Francas, STAJ, Concordia&#8230;). En parall\u00e8le de ces engagements associatifs, j\u2019ai con\u00e7u de nombreux dispositifs de d\u00e9bats, d\u2019abord dans des colonies de vacances puis dans des espaces publics puis dans des colloques, [&hellip;]<\/p>\n","protected":false},"author":1,"featured_media":0,"parent":729,"menu_order":5,"comment_status":"closed","ping_status":"closed","template":"","meta":{"jetpack_post_was_ever_published":false,"footnotes":""},"class_list":["post-463","page","type-page","status-publish","hentry"],"jetpack_sharing_enabled":true,"_links":{"self":[{"href":"https:\/\/www.sanstransition.org\/index.php\/wp-json\/wp\/v2\/pages\/463","targetHints":{"allow":["GET"]}}],"collection":[{"href":"https:\/\/www.sanstransition.org\/index.php\/wp-json\/wp\/v2\/pages"}],"about":[{"href":"https:\/\/www.sanstransition.org\/index.php\/wp-json\/wp\/v2\/types\/page"}],"author":[{"embeddable":true,"href":"https:\/\/www.sanstransition.org\/index.php\/wp-json\/wp\/v2\/users\/1"}],"replies":[{"embeddable":true,"href":"https:\/\/www.sanstransition.org\/index.php\/wp-json\/wp\/v2\/comments?post=463"}],"version-history":[{"count":8,"href":"https:\/\/www.sanstransition.org\/index.php\/wp-json\/wp\/v2\/pages\/463\/revisions"}],"predecessor-version":[{"id":3434,"href":"https:\/\/www.sanstransition.org\/index.php\/wp-json\/wp\/v2\/pages\/463\/revisions\/3434"}],"up":[{"embeddable":true,"href":"https:\/\/www.sanstransition.org\/index.php\/wp-json\/wp\/v2\/pages\/729"}],"wp:attachment":[{"href":"https:\/\/www.sanstransition.org\/index.php\/wp-json\/wp\/v2\/media?parent=463"}],"curies":[{"name":"wp","href":"https:\/\/api.w.org\/{rel}","templated":true}]}}