{"id":662,"date":"2016-11-26T00:49:48","date_gmt":"2016-11-25T23:49:48","guid":{"rendered":"http:\/\/www.sanstransition.org\/?page_id=662"},"modified":"2025-03-06T12:39:34","modified_gmt":"2025-03-06T11:39:34","slug":"faire-equipe","status":"publish","type":"page","link":"https:\/\/www.sanstransition.org\/index.php\/education-populaire\/faire-equipe\/","title":{"rendered":"Comment faire \u00e9quipe"},"content":{"rendered":"\n<h3 class=\"wp-block-heading\">Pr\u00e9sentation<\/h3>\n\n\n\n<figure class=\"wp-block-image aligncenter size-full is-resized\"><img loading=\"lazy\" decoding=\"async\" width=\"780\" height=\"405\" src=\"https:\/\/www.sanstransition.org\/wp-content\/uploads\/2023\/02\/esprit-dequipe.jpg\" alt=\"\" class=\"wp-image-1557\" srcset=\"https:\/\/www.sanstransition.org\/wp-content\/uploads\/2023\/02\/esprit-dequipe.jpg 780w, https:\/\/www.sanstransition.org\/wp-content\/uploads\/2023\/02\/esprit-dequipe-300x156.jpg 300w, https:\/\/www.sanstransition.org\/wp-content\/uploads\/2023\/02\/esprit-dequipe-768x399.jpg 768w\" sizes=\"auto, (max-width: 780px) 100vw, 780px\" \/><\/figure>\n\n\n\n<p>Faire \u00e9quipe est souvent une question centrale et \u00e9pineuse dans les organisations, notamment celles visant plus d&rsquo;horizontalit\u00e9. Multiplier les r\u00e9unions \u00e9puise, manquer de temps collectif cr\u00e9\u00e9 des tensions. Faire \u00e9quipe est un processus permanent et vivant, qu&rsquo;il faut nourrir, sans quoi le sentiment d&rsquo;appartenance \u00e0 l&rsquo;\u00e9quipe se d\u00e9lite.<\/p>\n\n\n\n<p>Sur le fond, cette formation propose une r\u00e9flexion, produite par les participants et enrichie d&rsquo;apports du formateur, sur les modes d&rsquo;organisation des \u00e9quipes auxquelles appartiennent les participants. Voici des exemples de questions que nous nous poserons pour co-construire cette r\u00e9flexion : <\/p>\n\n\n\n<ul class=\"wp-block-list\">\n<li>Quels temps collectifs sont institu\u00e9s et comment fonctionnent-ils ?<\/li>\n\n\n\n<li>Comment se r\u00e9partit la parole ?<\/li>\n\n\n\n<li>Quelle place est donn\u00e9e aux ressentis ?<\/li>\n\n\n\n<li>Qu&rsquo;est-il fait des diff\u00e9rences d&rsquo;influence au sein de l&rsquo;\u00e9quipe ?<\/li>\n\n\n\n<li>Comment sont partag\u00e9s les col\u00e8res, espoirs, doutes et d\u00e9sirs ?<\/li>\n\n\n\n<li>Qu&rsquo;en est-il lorsqu&rsquo;un \u00e9v\u00e9nement perturbe la dynamique de l&rsquo;\u00e9quipe ? <\/li>\n\n\n\n<li>Qu&rsquo;est-il fait des fondateurs et\/ou du mythe fondateur de l&rsquo;\u00e9quipe ?<\/li>\n\n\n\n<li>Quelle capacit\u00e9 de l&rsquo;\u00e9quipe \u00e0 accepter des changements ?<\/li>\n<\/ul>\n\n\n\n<p>Sur la forme, cette formation sera conduite \u00e0 l&rsquo;aide de plusieurs outils issus du travail sur les r\u00e9cits de vie, de l&rsquo;entra\u00eenement mental et de l&rsquo;analyse institutionnelle. L&rsquo;intention de la formation est de permettre \u00e0 chaque participant de pouvoir se saisir de ces outils, en fonction de son contexte particulier. <\/p>\n\n\n\n<p>Il est ainsi propos\u00e9 aux participants de repartir de cette formation avec une forme de diagnostic de la mani\u00e8re dont l&rsquo;\u00e9quipe \u00e0 laquelle il appartient fonctionne (et dysfonctionne) ainsi qu&rsquo;avec des outils d&rsquo;animation facilitant le fonctionnement d&rsquo;une \u00e9quipe. <\/p>\n\n\n\n<h3 class=\"wp-block-heading\">Pour programmer cette formation<\/h3>\n\n\n\n<p>J\u2019interviens sur demande d\u2019une organisation pour son \u00e9quipe de salari\u00e9-e-s et\/ou de b\u00e9n\u00e9voles. Pour obtenir une prise en charge de cette formation par votre OPCO, contactez-moi.<\/p>\n\n\n\n<p>Cette formation est en effet accessible \u00e0 une prise-en-charge par les fonds de formation. En effet, Sans Transition est membre d\u2019Oxalis, certifi\u00e9e Qualiopi au titre des actions de formation, des bilans de comp\u00e9tences et des actions permettant de faire valider les acquis de l\u2019exp\u00e9rience.<\/p>\n\n\n\n<p>En dehors de demandes \u00e9manant d&rsquo;une \u00e9quipe de travail, je peux aussi la programmer par chez vous si un noyau de personnes s\u2019organise pour l\u2019accueillir. Le financement peut alors se faire via des demandes de prise-en-charge de cette formation \u00e0 l&#8217;employeur des personnes salari\u00e9es.<\/p>\n\n\n\n<p>Dans tous les cas, contactez-moi ! (\u00c9crire<em> \u00e0 <a href=\"mailto:anthonybrault@gmail.com\">anthonybrault@gmail.com<\/a><\/em>)<\/p>\n\n\n\n<p>Personnes en situation de handicap : des conditions d\u2019accessibilit\u00e9s peuvent \u00eatre mises en place. Merci de nous en informer avant afin de convenir ensemble des modalit\u00e9s d\u2019accueil.<\/p>\n\n\n<h3>Ressources<\/h3>\n<p>Voici l&rsquo;\u00e9clairage de Luc Carton, interrog\u00e9 par Franck Lepage sur le mythe de l&rsquo;auto-gestion.<\/p>\n<p><iframe loading=\"lazy\" src=\"\/\/www.dailymotion.com\/embed\/video\/k2uSwo9O2DBc8OkRuL6\" width=\"560\" height=\"315\" frameborder=\"0\" allowfullscreen=\"allowfullscreen\"><\/iframe><br \/><a href=\"http:\/\/www.dailymotion.com\/video\/x53jfjs_autogestion-2_school\" target=\"_blank\" rel=\"noopener noreferrer\">autogestion 2<\/a> <i>par <a href=\"http:\/\/www.dailymotion.com\/anthonybrault\" target=\"_blank\" rel=\"noopener noreferrer\">anthonybrault<\/a><\/i><\/p>","protected":false},"excerpt":{"rendered":"<p>Pr\u00e9sentation Faire \u00e9quipe est souvent une question centrale et \u00e9pineuse dans les organisations, notamment celles visant plus d&rsquo;horizontalit\u00e9. Multiplier les r\u00e9unions \u00e9puise, manquer de temps collectif cr\u00e9\u00e9 des tensions. Faire \u00e9quipe est un processus permanent et vivant, qu&rsquo;il faut nourrir, sans quoi le sentiment d&rsquo;appartenance \u00e0 l&rsquo;\u00e9quipe se d\u00e9lite. Sur le fond, cette formation propose [&hellip;]<\/p>\n","protected":false},"author":1,"featured_media":0,"parent":447,"menu_order":0,"comment_status":"closed","ping_status":"closed","template":"","meta":{"jetpack_post_was_ever_published":false,"footnotes":""},"class_list":["post-662","page","type-page","status-publish","hentry"],"jetpack_sharing_enabled":true,"_links":{"self":[{"href":"https:\/\/www.sanstransition.org\/index.php\/wp-json\/wp\/v2\/pages\/662","targetHints":{"allow":["GET"]}}],"collection":[{"href":"https:\/\/www.sanstransition.org\/index.php\/wp-json\/wp\/v2\/pages"}],"about":[{"href":"https:\/\/www.sanstransition.org\/index.php\/wp-json\/wp\/v2\/types\/page"}],"author":[{"embeddable":true,"href":"https:\/\/www.sanstransition.org\/index.php\/wp-json\/wp\/v2\/users\/1"}],"replies":[{"embeddable":true,"href":"https:\/\/www.sanstransition.org\/index.php\/wp-json\/wp\/v2\/comments?post=662"}],"version-history":[{"count":17,"href":"https:\/\/www.sanstransition.org\/index.php\/wp-json\/wp\/v2\/pages\/662\/revisions"}],"predecessor-version":[{"id":2763,"href":"https:\/\/www.sanstransition.org\/index.php\/wp-json\/wp\/v2\/pages\/662\/revisions\/2763"}],"up":[{"embeddable":true,"href":"https:\/\/www.sanstransition.org\/index.php\/wp-json\/wp\/v2\/pages\/447"}],"wp:attachment":[{"href":"https:\/\/www.sanstransition.org\/index.php\/wp-json\/wp\/v2\/media?parent=662"}],"curies":[{"name":"wp","href":"https:\/\/api.w.org\/{rel}","templated":true}]}}

Comment faire équipe

<h3 class="wp-block-heading">Présentation</h3>



<figure class="wp-block-image aligncenter size-full is-resized"><img loading="lazy" decoding="async" width="780" height="405" src="https://www.sanstransition.org/wp-content/uploads/2023/02/esprit-dequipe.jpg" alt="" class="wp-image-1557" srcset="https://www.sanstransition.org/wp-content/uploads/2023/02/esprit-dequipe.jpg 780w, https://www.sanstransition.org/wp-content/uploads/2023/02/esprit-dequipe-300x156.jpg 300w, https://www.sanstransition.org/wp-content/uploads/2023/02/esprit-dequipe-768x399.jpg 768w" sizes="auto, (max-width: 780px) 100vw, 780px" /></figure>



<p>Faire équipe est souvent une question centrale et épineuse dans les organisations, notamment celles visant plus d&rsquo;horizontalité. Multiplier les réunions épuise, manquer de temps collectif créé des tensions. Faire équipe est un processus permanent et vivant, qu&rsquo;il faut nourrir, sans quoi le sentiment d&rsquo;appartenance à l&rsquo;équipe se délite.</p>



<p>Sur le fond, cette formation propose une réflexion, produite par les participants et enrichie d&rsquo;apports du formateur, sur les modes d&rsquo;organisation des équipes auxquelles appartiennent les participants. Voici des exemples de questions que nous nous poserons pour co-construire cette réflexion : </p>



<ul class="wp-block-list">
<li>Quels temps collectifs sont institués et comment fonctionnent-ils ?</li>



<li>Comment se répartit la parole ?</li>



<li>Quelle place est donnée aux ressentis ?</li>



<li>Qu&rsquo;est-il fait des différences d&rsquo;influence au sein de l&rsquo;équipe ?</li>



<li>Comment sont partagés les colères, espoirs, doutes et désirs ?</li>



<li>Qu&rsquo;en est-il lorsqu&rsquo;un événement perturbe la dynamique de l&rsquo;équipe ? </li>



<li>Qu&rsquo;est-il fait des fondateurs et/ou du mythe fondateur de l&rsquo;équipe ?</li>



<li>Quelle capacité de l&rsquo;équipe à accepter des changements ?</li>
</ul>



<p>Sur la forme, cette formation sera conduite à l&rsquo;aide de plusieurs outils issus du travail sur les récits de vie, de l&rsquo;entraînement mental et de l&rsquo;analyse institutionnelle. L&rsquo;intention de la formation est de permettre à chaque participant de pouvoir se saisir de ces outils, en fonction de son contexte particulier. </p>



<p>Il est ainsi proposé aux participants de repartir de cette formation avec une forme de diagnostic de la manière dont l&rsquo;équipe à laquelle il appartient fonctionne (et dysfonctionne) ainsi qu&rsquo;avec des outils d&rsquo;animation facilitant le fonctionnement d&rsquo;une équipe. </p>



<h3 class="wp-block-heading">Pour programmer cette formation</h3>



<p>J’interviens sur demande d’une organisation pour son équipe de salarié-e-s et/ou de bénévoles. Pour obtenir une prise en charge de cette formation par votre OPCO, contactez-moi.</p>



<p>Cette formation est en effet accessible à une prise-en-charge par les fonds de formation. En effet, Sans Transition est membre d’Oxalis, certifiée Qualiopi au titre des actions de formation, des bilans de compétences et des actions permettant de faire valider les acquis de l’expérience.</p>



<p>En dehors de demandes émanant d&rsquo;une équipe de travail, je peux aussi la programmer par chez vous si un noyau de personnes s’organise pour l’accueillir. Le financement peut alors se faire via des demandes de prise-en-charge de cette formation à l&#8217;employeur des personnes salariées.</p>



<p>Dans tous les cas, contactez-moi ! (Écrire<em> à <a href="mailto:anthonybrault@gmail.com">anthonybrault@gmail.com</a></em>)</p>



<p>Personnes en situation de handicap : des conditions d’accessibilités peuvent être mises en place. Merci de nous en informer avant afin de convenir ensemble des modalités d’accueil.</p>


<h3>Ressources</h3>
<p>Voici l&rsquo;éclairage de Luc Carton, interrogé par Franck Lepage sur le mythe de l&rsquo;auto-gestion.</p>
<p><iframe loading="lazy" src="//www.dailymotion.com/embed/video/k2uSwo9O2DBc8OkRuL6" width="560" height="315" frameborder="0" allowfullscreen="allowfullscreen"></iframe><br /><a href="http://www.dailymotion.com/video/x53jfjs_autogestion-2_school" target="_blank" rel="noopener noreferrer">autogestion 2</a> <i>par <a href="http://www.dailymotion.com/anthonybrault" target="_blank" rel="noopener noreferrer">anthonybrault</a></i></p>

<p>Présentation Faire équipe est souvent une question centrale et épineuse dans les organisations, notamment celles visant plus d&rsquo;horizontalité. Multiplier les réunions épuise, manquer de temps collectif créé des tensions. Faire équipe est un processus permanent et vivant, qu&rsquo;il faut nourrir, sans quoi le sentiment d&rsquo;appartenance à l&rsquo;équipe se délite. Sur le fond, cette formation propose [&hellip;]</p>
